at is the highest common factor of m and 25?
5
Let l = -228 - -163. Let d = l - -95. Suppose -4*k - 164 + 464 = 0. What is the greatest common factor of d and k?
15
Let j(z) = 4529*z - 9043. Let u be j(2). Suppose 56 = 5*i - 4. Calculate the highest common factor of i and u.
3
Let c be 1/(-5) - (-3239)/395 - 6. Calculate the highest common divisor of c and 50.
2
Suppose -4*t - 35*u + 1612 = -33*u, 3*u + 1200 = 3*t. What is the greatest common factor of 2546 and t?
134
Let b(d) = d + 220. Suppose 18*f + 570 - 210 = 0. Let p be b(f). Calculate the highest common divisor of 150 and p.
50
Let z(a) = -4*a - 3. Let m be z(-13). Let v be (-130)/(-3)*99/22. Suppose -i + v + 88 = 5*w, -w - 4*i = -m. What is the highest common divisor of 19 and w?
19
Let u(y) = -1884*y**3 + 4*y**2 - 1. Let f be u(-1). What is the highest common factor of 259 and f?
37
Let r = -383 + 925. Suppose 892 = 5*q + 8*j - 12*j, 0 = 3*q + j - r. What is the highest common divisor of 225 and q?
45
Let c(s) = s**2 - 37*s - 196. Let q be c(-6). Suppose 70 = 8*w + q. Calculate the highest common factor of w and 36.
1
Let u be 3 - 6/3 - -200. What is the greatest common divisor of 60 and u?
3
Suppose -34*h - 238 - 322 = -54*h. Suppose -1 = -3*a + 2. What is the greatest common factor of h and a?
1
Let i(u) = u**3 - 53*u**2 + 678*u - 22. Let n be i(21). What is the greatest common factor of n and 3900?
52
Let a be (-1)/2 - 3/(-2). Let b be (a + 2)/(-3) + 112. Suppose 2*h + b = 3*f - h, 2*f - 74 = -4*h. What is the highest common factor of f and 296?
37
Let r(z) = z**3 + z**2 + 6*z - 9. Let q be r(2). Suppose 0 = 4*g + q*g - 95. Calculate the greatest common divisor of g and 25.
5
Let q be 119924/5 + 6/(-15) + (-358)/895. Calculate the greatest common divisor of q and 48.
16
Let y(w) = -71*w + 500. Let j be y(7). Calculate the highest common factor of 1083 and j.
3
Suppose 0 = -64*k - 112*k + 42*k + 766480. What is the highest common divisor of 8 and k?
8
Let i be ((-63)/28)/(3/8). Let l be (-4)/i - 2864/(-24). Suppose -8*g + l = -584. What is the highest common divisor of 8 and g?
8
Let f(c) = c**3 - 7*c**2 - 91*c + 672. Let k be f(7). What is the highest common divisor of k and 665?
35
Let f = 199 - 92. Let s = f - 198. Let a = 163 + s. Calculate the greatest common factor of a and 9.
9
Let m = -5578 + 5761. Calculate the greatest common divisor of 3904 and m.
61
Let g be 10 + (-357)/(-17) - -8. Let z = 13 + -10. Calculate the greatest common divisor of z and g.
3
Suppose -3 = 12*b - 11*b. Let h be (b*3/18)/(3/(-36)). What is the highest common factor of 6 and h?
6
Let w = 183 - 47. Suppose w = 6*t - 68. Let l(v) = 18*v**2 + 3*v - 1. Let i be l(3). Calculate the highest common divisor of i and t.
34
Let i = -3169 - -3249. Calculate the greatest common factor of 300 and i.
20
Suppose 0 = 4*b + 9 + 3. Let o be 1/(1/(-195)*b). Let h = 42292 + -42279. Calculate the greatest common factor of h and o.
13
Let r(l) = 9*l**2 - 35*l + 4. Let j be r(4). Calculate the highest common divisor of 414 and j.
2
Let x = -16003 + 16033. What is the highest common divisor of 834 and x?
6
Let w(n) = -4832*n + 354. Let m be w(-3). What is the highest common divisor of 30 and m?
30
Suppose 343*o = c + 341*o - 8474, 0 = 3*c - 3*o - 25428. Calculate the greatest common divisor of 126 and c.
18
Suppose -3*k = -133 + 148. Let u be k - (-135 - (-4)/((-5)/(-5))). Calculate the greatest common divisor of 14 and u.
14
Suppose t + 2*g - 22 = 0, 46 = 3*t - 5*g + 2. Suppose -t*k + 496 = 13*k. What is the greatest common factor of k and 12?
4
Let j be 172/4 + 1*-1. Let o(v) = v**2 + 16*v + 100. Let p be o(-21). Let h = 233 - p. What is the greatest common factor of h and j?
14
Suppose 6*n - x = 9*n - 1, 4*x + 8 = 0. What is the greatest common factor of 782 and n?
1
Suppose 420286 + 55514 = 915*n. What is the greatest common divisor of n and 1495?
65
Let f = 642 - 516. Let h = f - 100. Suppose -8 = -d + 18. What is the greatest common factor of h and d?
26
Let w be 424/3 + 35/((-2415)/(-46)). What is the highest common factor of 213 and w?
71
Suppose -41*a + 360984 = -44*a + 172*a. Calculate the greatest common divisor of a and 36.
12
Let d(h) = h**2 + h + 15. Let q be d(-8). Suppose -65*o - 252 = -q*o. Calculate the highest common divisor of o and 54.
6
Let s(a) = a + 9. Let r be s(4). Suppose r*u - 2058 = -8*u. Calculate the highest common divisor of 56 and u.
14
Let z be 120/(-9)*39/(-4). Let a(d) = d**2 + 5*d - 5. Let s be a(-7). Let r be (26/s)/(18/162). Calculate the greatest common factor of r and z.
26
Suppose 43*y - 47*y + 5*l + 26140 = 0, -4*y = -2*l - 26116. What is the greatest common factor of y and 58?
29
Suppose 0 = 9*d - 23*d + 252. Suppose 19*i + 17 = 4*f + d*i, 2*i = -3*f + 10. Calculate the highest common factor of f and 36.
4
Suppose -22*c + 2732 = -4880. Let g = 576 - c. What is the highest common divisor of g and 184?
46
Let v(f) = 36*f - 201. Let s be v(40). What is the greatest common factor of s and 42?
21
Suppose 4403 = -2*q + 11763. Suppose -q = 39*v - 47*v. What is the greatest common divisor of 46 and v?
46
Let u = 5125 - 4891. What is the greatest common divisor of u and 1512?
18
Suppose d - 2106 = -h - 485, -5*h + 4*d + 8042 = 0. What is the highest common factor of h and 5111?
269
Let w(h) = -6*h**2 + 4 - 2*h**3 + 5*h**3 - 2418*h + 2389*h - 22*h**2 - 2*h**3. Let k be w(29). Calculate the greatest common divisor of 7 and k.
1
Let a(g) = 3*g**2 + 1. Let b be a(1). Let f(p) = 76*p - 231*p - 3 - p**2 + 76*p + 84*p. Let x be f(b). Calculate the greatest common divisor of 7 and x.
1
Let v = 21235 - 11676. Calculate the highest common factor of 363 and v.
121
Let g(r) = -r**3 + r**2 + 69*r + 29. Let z be g(8). Calculate the highest common factor of 475 and z.
19
Suppose 2061 - 7407 = -112*u + 79*u. Calculate the highest common divisor of u and 4.
2
Let l(o) = -17*o - 1033. Let y be l(-76). Let v be (0 + -1)*(1 - 75). What is the greatest common factor of v and y?
37
Suppose 1 = 3*o - 3*u - 14, 3*o = -2*u + 10. Let q be (-14)/o*-6*(-30)/(-21). Calculate the greatest common divisor of q and 75.
15
Let z be (-6)/(-1 + 3) + 22. Let u(a) = -59*a - 5. Let j be u(3). Let v = j + 315. Calculate the greatest common factor of v and z.
19
Suppose 0 = -170*m + 21*m + 5066. What is the highest common factor of m and 3740?
34
Let y be (52/(-28) - -1)*-28. Suppose -57 = -g - 14. Suppose -9*f + g = -65. Calculate the highest common divisor of f and y.
12
Let h be 12 - ((-770)/11 - 9). Calculate the highest common divisor of 3549 and h.
91
Suppose -1 = 2*c + 7, -20 = -h - 5*c. Let m = 34 + -29. Suppose -m*j + 125 = -5*n + 6*n, -3*n + 3*j + 357 = 0. Calculate the highest common divisor of n and h.
40
Let m(w) = 26*w + 23*w + 20*w - 8 + 45*w. Let y be m(2). Suppose -2*d - 3*g + 2*g + y = 0, d + g = 108. What is the greatest common factor of d and 16?
16
Let a = -7171 + 8275. What is the highest common factor of a and 69?
69
Let k(a) = -4*a**2 + 8*a + 1. Let i be k(2). Suppose -3*t - 4*l - i = -26, 3*l = -t. What is the highest common divisor of t and 60?
15
Let b(i) = 12*i**2 - i - 8. Let s be b(5). Suppose -7*t = -33 - 2. Suppose -t*a = -s - 518. Calculate the greatest common divisor of a and 23.
23
Suppose 77*s - 196*s + 2185 = -180599. Calculate the highest common factor of 12 and s.
12
Suppose 5989 = 5*u - 2*a, -9*u = -12*u + 5*a + 3582. What is the greatest common factor of 109 and u?
109
Let p = 601 + -401. Let f = 233 - p. Let g = -20 + 42. What is the highest common divisor of f and g?
11
Suppose 171 + 9 = 5*o. Suppose -12*t + 274 = -10*t. Let c = 141 - t. Calculate the greatest common divisor of c and o.
4
Suppose -3*d = -d + 2*w - 146, w = 5*d - 359. Let t be (460/(-28) + 7)*-84. What is the greatest common divisor of t and d?
72
Let k = -2148 - -2393. Calculate the greatest common divisor of 455 and k.
35
Suppose -4*q = -3*a + 124, -3*q = -18*a + 23*a - 226. Calculate the greatest common factor of a and 11924.
44
Let g be (125 - -6) + 11/(55/20). Calculate the greatest common divisor of 60 and g.
15
Suppose 2*b - 2609 = 5*n, -4*b - 5*n = -4*n - 5251. Calculate the greatest common factor of 205 and b.
41
Suppose 0 = 1209*z - 1217*z + 256. Let w = -239 + 399. What is the highest common divisor of w 